he greatest common factor of g and i.
2
Let x = -1 - 0. Let m be x/(-4)*2*6. Suppose -3*n = m*w - 189, 97 = 2*n + w - 29. Calculate the greatest common factor of n and 7.
7
Let h = -61 - -91. Calculate the greatest common factor of 6 and h.
6
Let a = 10 + 0. Calculate the highest common factor of 30 and a.
10
Let z(f) = -6*f - 23. Let i be z(-7). What is the highest common divisor of i and 209?
19
Suppose 402 = -4*h + 8*h - 2*t, -3*h - 5*t + 295 = 0. Let y be h - -2*(-1)/2. Calculate the greatest common factor of 9 and y.
9
Let s(x) = -x**2 + 19*x - 33. Let m be s(17). What is the greatest common divisor of 4 and m?
1
Let z = 44 - 36. Let u(q) = -q**3 + q + 88. Let g be u(0). Calculate the greatest common factor of g and z.
8
Let q(o) = 2*o**2 + o - 1. Let t be q(1). Suppose d + 13 + 10 = t*k, 0 = -5*k - 3*d + 63. Calculate the greatest common factor of 24 and k.
12
Suppose 7*q = 4*q + 84. Let u(i) = i**2 + 6. Suppose 0 = 2*d - 31 + 15. Let t be u(d). What is the greatest common divisor of t and q?
14
Suppose b - 5 = -3*s, -2*b + 2*s = -4*b + 22. Let x be (-274)/(-8) + (-33)/(-44). Calculate the greatest common factor of x and b.
7
Suppose 0 = -3*j - 5*k + 197, -4*j + 256 = 5*k. Let n = j - 27. What is the highest common divisor of n and 4?
4
Let s be 11/3 + 1/3. Suppose -s*t = 3*m - 12, t = -3*t. Suppose -6*u + u + 3*d = 5, 0 = 3*u + m*d - 26. Calculate the highest common divisor of 16 and u.
2
Let v = 134 + -94. Suppose -4*t = -89 + 25. Calculate the highest common factor of v and t.
8
Suppose 3*v + 5*h - 4 - 2 = 0, 0 = 5*h. Suppose -v*q - 27 = -5*q. Calculate the greatest common divisor of q and 9.
9
Let v(w) = 12*w - 4 + 0 - 8. Let m be v(8). Suppose -7 - 5 = -p. What is the greatest common divisor of m and p?
12
Suppose 5*g - 36 = 3*g. Let u(j) = -j**3 - 4*j**2 - 7. Let f be u(-5). Calculate the highest common divisor of f and g.
18
Let j = -10 + 15. Suppose j*p - 6*p + 3 = 0. What is the greatest common factor of 3 and p?
3
Let n = -30 + 31. What is the greatest common factor of n and 6?
1
Suppose 5*r = 5*i + 30, -2*r + 4*r + 3*i = 22. Suppose 2*u - 72 = u. What is the highest common factor of r and u?
8
Let v = -8 - -20. Let a be v*3/((-9)/(-7)). Suppose -c - 4 = -a. Calculate the greatest common factor of c and 8.
8
Let x(l) = l**3 - 3*l**2 + l + 1. Let a be x(3). Let m = -1 - 7. Let z = m - -12. Calculate the highest common factor of z and a.
4
Suppose s = -5*h + 252, -4*h + s + 0*s + 207 = 0. What is the greatest common divisor of h and 17?
17
Suppose 3*y = y + 132. Let g be 25/(-5) + (2 - -25). What is the highest common divisor of g and y?
22
Suppose -3*d + 5*d = -4*j + 74, -23 = -j + 4*d. What is the greatest common divisor of j and 95?
19
Let l(s) = s**3 - 8*s**2 - 10*s - 7. Let i be l(9). Let n = i + 23. Calculate the highest common divisor of 7 and n.
7
Let b(r) = r**2 + 8*r + 6. Let a be b(-6). Let c = 23 + a. What is the greatest common divisor of c and 187?
17
Suppose -4*x = -12, 2*x + 85 = a + 19. Calculate the greatest common divisor of a and 9.
9
Suppose -3*k + 3 = -0. What is the greatest common divisor of k and 1?
1
Let y = -561 + 1086. Suppose -4*g = -9*g + y. What is the highest common factor of g and 15?
15
Let w = 83 - 20. Suppose -m + 35 = 4*m. Calculate the highest common factor of w and m.
7
Let r be -3*(-2)/(-1) + -3. Let v = r - -39. Calculate the highest common divisor of v and 75.
15
Suppose 2*l + l + 3 = 0, 2*l = 3*s - 53. What is the greatest common divisor of 34 and s?
17
Suppose 2*a = a - 19. Let x = a + 45. Let v = 641 + -602. Calculate the greatest common factor of v and x.
13
Let x(l) = -9*l - 7. Let t be x(-7). Let b be 19/3 - 2/(-3). What is the highest common divisor of b and t?
7
Suppose 5*k = 2*c + 144, -4*k + 84 = -k - 2*c. Suppose k = -b + 4*b. What is the highest common divisor of b and 30?
10
Let b = 2 - 1. What is the greatest common factor of b and 1?
1
Suppose 5 = 4*t - c - 0*c, -c - 5 = 5*t. Suppose 2*p = d - 3 - t, -2*p + 8 = 0. Calculate the greatest common factor of 88 and d.
11
Let y(q) = 2*q**2 - 23*q + 11. Let v be y(16). What is the highest common factor of v and 62?
31
Let p = -9 - -21. What is the highest common factor of p and 18?
6
Let k = -286 + 401. What is the highest common divisor of 23 and k?
23
Suppose 0 = 4*s - 3*s - 4. Suppose 0 = -4*l - 0*h + 2*h + 514, -4*h = 20. Let y be (l/s)/(1/2). Calculate the greatest common divisor of 9 and y.
9
Let v = 55 - 34. What is the greatest common divisor of 14 and v?
7
Let q(f) = -f**2 + 6*f + 4. Let k be q(4). Calculate the highest common divisor of 12 and k.
12
Let h be (-44)/(-2) - (-15)/5. Let j = 4 - -1. Calculate the greatest common divisor of j and h.
5
Let a = 9 + -2. Let j = 68 - 61. What is the highest common factor of a and j?
7
Let j be 1/((-1)/(-6)*2/12). Calculate the greatest common factor of 12 and j.
12
Let f be (0 - 1)*(-244)/(-2). Let y = f - -188. What is the greatest common factor of 165 and y?
33
Let k(a) = 2*a + 9. Let c be ((-4)/10)/((-1)/(-15)). Let u be k(c). Let h be u/(1 + 27/(-24)). What is the greatest common factor of h and 8?
8
Let c = 3 - 3. Suppose -s + 5*w = s - 70, 2*w + 76 = 2*s. Suppose 2*f - s = -c*f. Calculate the highest common divisor of f and 50.
10
Let a(i) = -i**3 + i - 1. Let w be a(0). Let d be -392 + w - (3 + -4). Let p = -272 - d. Calculate the highest common factor of p and 15.
15
Suppose -6*i + z = -2*i - 14, -z = 4*i - 18. Calculate the highest common factor of i and 16.
4
Let l = 256 - 121. What is the greatest common divisor of l and 15?
15
Let y(a) = 3*a**3 - 2*a**2 - 2. Let v be y(2). Suppose 2*n = n + v. Calculate the highest common factor of n and 42.
14
Let b(g) = -2*g + 24. Let h be b(10). What is the highest common factor of h and 32?
4
Suppose -3*c = -4*c + 15. What is the highest common factor of c and 15?
15
Suppose -8*k + 66 = -5*k. Calculate the highest common divisor of 22 and k.
22
Let z be 2*(-2 - (-6 + 3)). Let a be ((-4)/4)/(z/(-24)). What is the highest common factor of 30 and a?
6
Let l be (1*-5 - 2)/1. Let y = 12 + l. Let o(q) = q**3 - q + 15. Let w be o(0). Calculate the greatest common factor of w and y.
5
Let l(m) = m**3 - 11*m**2 + 11*m - 4. Suppose -2*r = -r - 10. Let j be l(r). Calculate the highest common divisor of j and 4.
2
Let o(m) = -m**3 + 7*m**2 + 12*m - 7. Let z be o(8). Suppose 5*k + 3*h = 9, -h - z = -5*k + 4*h. Calculate the greatest common divisor of k and 2.
1
Suppose 2*j + 0*y - 29 = y, 0 = -2*j + 5*y + 17. What is the highest common factor of j and 144?
16
Let v = 337 + -136. Let i = 1994 - 1265. Suppose 3*j - i = -v. Calculate the highest common factor of 16 and j.
16
Let n(w) = -109*w**3 - w**2 - w - 1. Let r be n(-1). Let x = 22 + 26. Let h = r - x. Calculate the greatest common factor of h and 15.
15
Let f be (-21)/(-1 - 0/(-2)). What is the highest common divisor of f and 168?
21
Let u(p) = -p + 2. Let f be u(-3). Suppose 3*t - 41 = -f. Calculate the greatest common factor of t and 2.
2
Suppose 2*r = -2, 0*z + 2*z = -r + 31. Calculate the greatest common divisor of 16 and z.
16
Let k be ((-27)/(-3))/((-6)/(-32)). Suppose -2*c = -n + 3*c + 12, -2*n + c = 3. Let r = n - -9. Calculate the greatest common factor of r and k.
6
Let h be (-80)/(-45) + 4/18. Let z be (64/(-24))/(h/(-12)). What is the highest common factor of z and 144?
16
Suppose 0 = -r - r - 4. Let m be (-19)/(-5) + r/(-10). Calculate the highest common divisor of m and 36.
4
Suppose 7*l + 30 = 8*l. What is the greatest common divisor of 30 and l?
30
Let f = -1 + 85. What is the highest common factor of f and 12?
12
Let l = 1 + 134. What is the greatest common divisor of 27 and l?
27
Let u = 5 - 18. Let r = 33 + u. What is the greatest common factor of r and 5?
5
Suppose -31*b - 2 = -32*b. What is the greatest common factor of b and 38?
2
Let f be ((-24)/(-2))/3 + 4. Calculate the greatest common divisor of f and 8.
8
Let x be (6/(-5))/(4/(-80)). Calculate the greatest common factor of 60 and x.
12
Suppose 13 = -5*c - 5*a + 83, -14 = -3*c + 4*a. Let q be (-9 - -7)*c/(-4). Let x = 12 - -8. Calculate the highest common factor of q and x.
5
Suppose 0 = -7*w + 4*w + 117. Calculate the greatest common factor of w and 26.
13
Let l = 64 - 63. Let n be (-2)/(-3 - -1)*2. What is 